{"id":468,"date":"2020-12-18T18:21:05","date_gmt":"2020-12-18T18:21:05","guid":{"rendered":"http:\/\/www.theaterverein-ffb.de\/?page_id=468"},"modified":"2025-02-06T21:19:35","modified_gmt":"2025-02-06T21:19:35","slug":"dancefirst-festival","status":"publish","type":"page","link":"https:\/\/theaterverein-ffb.de\/?page_id=468","title":{"rendered":"DanceFirst-Festival Archiv"},"content":{"rendered":"<p>Mit dem internationalen Tanzfestival <strong>DanceFirst<\/strong> konnten wir 2016 und 2018 ein herausragendes Kulturevent etablieren, das zahlreiche Besucher begeisterte und \u00fcberregional gro\u00dfe Anerkennung fand.<\/p>\n<p>Im Tanz k\u00f6nnen Menschen ihre Gef\u00fchle, Bed\u00fcrfnisse und Fantasien ausleben. \u00dcber die universelle K\u00f6rpersprache des Tanzes k\u00f6nnen Meschen unterschiedlicher kultureller und sozialer Herkunft miteinander kommunizieren, sich kennenlernen und die Grundlagen legen f\u00fcr ein friedliches Miteinander. In einer Zeit wachsender gesellschaftlicher Konflikte zwischen Nationen und widerstreitenden sozialen Gruppen wollen wir mit dem Festival den kulturellen Dialog f\u00f6rdern und Menschen zusammenbringen.<\/p>\n<p>Das Festival will Interesse wecken f\u00fcr neue Kunstformen, kreative Menschen anziehen und sch\u00f6pferische Kr\u00e4fte der Gesellschaft freisetzen. Es soll ausstrahlen auf das urbane Umfeld und die regionale Kulturszene f\u00f6rdern, indem es deren Mitglieder neue k\u00fcnstlerische Impulse bietet, deren Zusammenhalt und kulturellen Stellenwert st\u00e4rkt.<\/p>\n<p>Tanz ist ein \u00e4sthetisches Erlebnis, das Bewegungslust und Sch\u00f6nheit verk\u00f6rpert, mitrei\u00dft und ber\u00fchrt. Je hochklassiger Tanzauff\u00fchrungen sind, umso intensiver und nachhaltiger ist dieses Erlebnis. Deshalb haben wir versucht, f\u00fcr das Festival herausragende internationale Tanzensembles zu gewinnen, die die ganze Vielfalt der heutigen Tanzkunst pr\u00e4sentieren.<\/p>\n<p>Um den internationalen Dialog zu f\u00f6rdern, haben wir herausragende Kompanien dreier Kontinente eingeladen. Die <strong>Dada Masilo Dance Factory<\/strong> aus Johannesburg beleuchtete die Ballettklassiker \u201eSchwanensee\u201c und \u201eCarmen\u201c vor dem Hintergrund homophober und frauenfeindlicher Entwicklungen Afrikas. \u00a0Die kanadische Kompanie <strong>7 Doits de la Main<\/strong> verband auf faszinierende Weise Elemente des Cirque Nouveau mit zeitgen\u00f6ssischem Tanz. Als Pioniere des modernen franz\u00f6sischen Tanzes pr\u00e4sentierten das <strong>Malandain Ballet Biarritz<\/strong> und das <strong>Ballet Preljocaj <\/strong>hinrei\u00dfende, neoklassische und zeitgen\u00f6ssische Interpretationen ber\u00fchmter Kompositionen und Ballettwerke, w\u00e4hrend die <strong>Compagnie Accrorap <\/strong>und die <strong>Compagnie K\u00e4fig <\/strong>als Vertreter der weltweit f\u00fchrenden franz\u00f6sischen Hip-Hop-Szene Br\u00fccken schlugen zwischen Urban Dance, zeitg. Tanz, asiatischen Kampftechniken und digitaler Kunst. Die <strong>National Dance Company Wales <\/strong>komplettierte die europ\u00e4ische Auswahl mit drei St\u00fccken, die sich jeweils an archaischen Volkst\u00e4nzen, klassischen Pas de Deus und am modernen Tanztheater orientierten. So konnten die Zuschauer sowohl stilistisch als auch inhaltlich spannende, facettenreiche Tanzauff\u00fchrungen erleben, die bleibende Eindr\u00fccke hinterlassen haben. Bei einer Auslastung von 90% konnten wir mit jeweils 4.000 Besuchern eine \u00fcberw\u00e4ltigende Zuschauerresonanz verzeichnen. Mehr als 250 Beitr\u00e4ge in regionalen und \u00fcberregionalen Printmedien, in Social Media Kan\u00e4len, in Rundfunk und Fernsehen haben das Festival weit \u00fcber den Landkreis hinaus bekannt gemacht und diesem Kulturevent national und international Renommee verschafft.<\/p>\n<p>Mit der <a href=\"https:\/\/theaterverein-ffb.de\/?page_id=654\">3. Festivalausgabe im Sommer (2020)<\/a> wollten wir an den Erfolg der ersten beiden Ausgaben ankn\u00fcpfen. Mit der <strong>Akram Khan Company (GB) <\/strong>und der <strong>L-E-V Company <\/strong>der israelischen Choreografin Sharon Eyal hatten zwei echte Weltstars zugesagt. Die ebenso zur internationalen Spitzenklasse geh\u00f6rende Ensembles der <strong>Sao Paulo Dance Company <\/strong>als f\u00fchrende Kompanie S\u00fcdamerikas und <strong>IT Dansa <\/strong>als herausragende Nachwuchskompanie Spaniens h\u00e4tten das internationale Programm erg\u00e4nzt. Viele Tanz-Fans aus dem In- und Ausland haben sich auf diese Auff\u00fchrungen gefreut, aber leider mussten wir wegen der Corona Epidemie alle Festival-Veranstaltungen absagen., hoffen diese aber sobald wie m\u00f6glich nachholen zu k\u00f6nnen.<\/p>\n<p>Bitter war die Absage auch f\u00fcr die regionalen Tanzgruppen und den Tanznachwuchs. Waren deren Auftritte doch fester Bestandteil des Festivals. Auf den gemeinsamen Tanzabend <strong>\u201eMade in FFB\u201c <\/strong>hatten sich die regionalen Tanzstudios ebenso intensiv vorbereitet wie der Profi-Nachwuchs der bayerischen Tanzszene, die bei den ersten Festivals mit Arbeiten junger Choreografen (<strong>\u201eBavarian Summit\u201c) <\/strong>und einem Programm des <strong>Bayerischen Junior Balletts M\u00fcnchen <\/strong>(<strong>\u201eM\u00fcnchner Freiheit\u201c<\/strong>) vertreten waren.<\/p>\n<p>Ausf\u00fchrliche Informationen, Videos und Fotos zu den aktuellen Festivalveranstaltungen 2022 finden Sie auf der Website <a href=\"http:\/\/www.dancefirst.de\">www.dancefirst.de<\/a><\/p>\n","protected":false},"excerpt":{"rendered":"<p>Mit dem internationalen Tanzfestival DanceFirst konnten wir 2016 und 2018 ein herausragendes Kulturevent etablieren, das zahlreiche Besucher begeisterte und \u00fcberregional gro\u00dfe Anerkennung fand. Im Tanz k\u00f6nnen Menschen ihre Gef\u00fchle, Bed\u00fcrfnisse und Fantasien ausleben. \u00dcber die universelle K\u00f6rpersprache des Tanzes k\u00f6nnen &hellip; <a href=\"https:\/\/theaterverein-ffb.de\/?page_id=468\">Weiterlesen <span class=\"meta-nav\">&rarr;<\/span><\/a><\/p>\n","protected":false},"author":6,"featured_media":0,"parent":0,"menu_order":4,"comment_status":"closed","ping_status":"closed","template":"","meta":{"footnotes":""},"_links":{"self":[{"href":"https:\/\/theaterverein-ffb.de\/index.php?rest_route=\/wp\/v2\/pages\/468"}],"collection":[{"href":"https:\/\/theaterverein-ffb.de\/index.php?rest_route=\/wp\/v2\/pages"}],"about":[{"href":"https:\/\/theaterverein-ffb.de\/index.php?rest_route=\/wp\/v2\/types\/page"}],"author":[{"embeddable":true,"href":"https:\/\/theaterverein-ffb.de\/index.php?rest_route=\/wp\/v2\/users\/6"}],"replies":[{"embeddable":true,"href":"https:\/\/theaterverein-ffb.de\/index.php?rest_route=%2Fwp%2Fv2%2Fcomments&post=468"}],"version-history":[{"count":8,"href":"https:\/\/theaterverein-ffb.de\/index.php?rest_route=\/wp\/v2\/pages\/468\/revisions"}],"predecessor-version":[{"id":879,"href":"https:\/\/theaterverein-ffb.de\/index.php?rest_route=\/wp\/v2\/pages\/468\/revisions\/879"}],"wp:attachment":[{"href":"https:\/\/theaterverein-ffb.de\/index.php?rest_route=%2Fwp%2Fv2%2Fmedia&parent=468"}],"curies":[{"name":"wp","href":"https:\/\/api.w.org\/{rel}","templated":true}]}}